. Let x(f) = f + 3. Give x(k).
6
Suppose -4*b = 2 - 10. Let w(h) = h**b - 5*h**2 - 3*h**2 + 1. Suppose 2*o + 2 = 4. Calculate w(o).
-6
Let n(v) = -v - 4. Let j be (-2 + 12)/(1 - 3). Determine n(j).
1
Let b be (-1)/((-4)/16*2). Let g(j) = j**b + 5*j - 2*j**2 - 9 - 11*j. Calculate g(-6).
-9
Let r(g) = -g**3 + g**2 + g + 5. Let y be r(0). Suppose 0 = 2*z + 3*p + 2*p - 16, -18 = y*z - 2*p. Let q(m) = m**3 - 2*m**2 - 2*m - 1. Give q(z).
-13
Let w(z) = -6*z - 1. Let y(x) = x - 1. Suppose 0*n - 4*n = 4. Let m(r) = n*w(r) - 4*y(r). Give m(-5).
-5
Let s(v) be the first derivative of -v**3/3 + v**2/2 - v - 4. Let r(w) = -3*w**2 + 9*w + 1. Let l(i) = -r(i) + 2*s(i). Calculate l(6).
-9
Let m(q) = -12*q - 17*q + 26*q. What is m(1)?
-3
Let x(z) = -z**3 + 3*z**2 - 3*z + 3. Let q = 16 - 8. Let y = -5 + q. Let f be x(y). Let w(n) = n**2 + 7*n - 2. Determine w(f).
-8
Let s(q) = q**3 - 6*q**2 + 4*q + 6. Suppose -25 + 0 = -5*j. Calculate s(j).
1
Let b(f) = 2*f - 1. Suppose -18 = 6*c - 0. Determine b(c).
-7
Let r(h) = h**3 - 3*h**2 + h. Let d(v) = v**3 + 3*v**2 - 2*v - 1. Let s be d(-3). Suppose -s*l = 3*w - 6*w - 33, 2*w + 3*l = -22. Let n = w - -12. Give r(n).
-1
Let o(z) = 8*z + 10. Let t(c) = -3*c - 4. Let x(h) = -4*o(h) - 11*t(h). Calculate x(-7).
-3
Let d(u) = u - 1. Let p(a) = a**3 - 6*a**2 + a - 6. Let h be p(6). Suppose -2*c + 0*c = h. Give d(c).
-1
Let r(x) = x**2 + 4*x + 6. Suppose -d + 14 = 4*p, 4*p - 7 = 5. Suppose -3*m - 20 = d*m. Determine r(m).
6
Let a(p) = 6 - 2*p**2 + 8*p**2 + 9*p + 1. Let k(x) = 5*x**2 + 8*x + 6. Let z(c) = -6*a(c) + 7*k(c). What is z(-2)?
-8
Let y(z) = -z**3 + 2*z**2 + 2*z - 6. Let v be (-240)/(-72) - ((-1)/(-3) - 1). Give y(v).
-30
Suppose h + 4 = 2*h - 4*y, 0 = h - 2*y - 4. Suppose p + h*p + 10 = 0. Let l(n) be the second derivative of n**4/4 + n**3/6 - n**2/2 - n. Calculate l(p).
9
Let h(g) = g**3 + 6*g**2 - 5*g + 10. Let f = 41 - 28. Suppose -5*u + 6 = -t + 36, -3*t = -4*u - f. Determine h(u).
-4
Let l be ((-6)/(-2))/((-6)/(-8)). Let d = 6 - l. Let i(h) be the second derivative of h**4/6 - h**3/3 + h**2 + 2*h. Determine i(d).
6
Let f(c) = 3*c. Let o(i) = -6*i - 4*i**2 + 2*i**2 - i**2 - 7 + 2*i**2. Let x = -11 + 6. Let g be o(x). Give f(g).
-6
Let b(d) = -15*d**2 + 21*d + 23. Let o(a) = 7*a**2 - 10*a - 11. Suppose -y + 18 - 5 = 0. Let g(l) = y*o(l) + 6*b(l). Determine g(6).
7
Let f be (4 - 0)*(-3)/4. Let s = -3 - f. Let k(z) = -2*z**2 - 2*z + 8. Let m(n) = -n**2 - n + 7. Let a(p) = 2*k(p) - 3*m(p). What is a(s)?
-5
Let c be 2 - 4 - (5 + -4). Let s(w) = -2*w + 3. Suppose 2*r + 4 = -14. Let j(p) = 5*p - 6. Let f(v) = r*s(v) - 4*j(v). Calculate f(c).
3
Let o(y) = -2*y - 2 - 7 + 3. Give o(-4).
2
Let a(s) be the first derivative of -1/4*s**4 + 9 + 0*s**2 - 4*s - s**3. Determine a(-3).
-4
Let c(n) = n**2 - 2*n - 1. Let u(g) = g + 1. Let o(f) = -c(f) - 2*u(f). Suppose z + 2*z = 4*j - 39, j - 26 = 4*z. Let b be j/9 - 2/(-6). Give o(b).
-2
Let r(l) = 2*l**3 - 4*l**2 + 5*l - 6. Let g be r(2). Let q(p) = -4*p**2 + 5*p + 3*p**2 + 0*p**2 - 2. Determine q(g).
2
Let q(n) = 2*n**2 + 2*n - 2. Let v(d) = -2*d - 5. Let a be v(-4). Suppose w + a*m + 24 = 0, -3*w = -w + 3*m + 36. Let f be 8/w*(3 + 0). Calculate q(f).
2
Let y(v) = -5*v + 0 + v**2 - 3 + 0 + 1. Determine y(6).
4
Let x = -27 + 25. Let u(f) = 5*f + 2. What is u(x)?
-8
Let c(g) be the second derivative of -7*g**5/20 + g**3/6 - 2*g. Let n be c(-1). Let a(q) = 2*q - n + 4 + 1 - 2. Calculate a(2).
1
Let l be 3/5 + 51/15. Suppose l*m + 6 = m. Let u(x) = -2*x**2 - x**2 + 2*x**2 + 2*x**2 + 3*x + 3. Determine u(m).
1
Let d(x) = -x**3 + 2*x**2 - 2*x - 1. Let k(i) = i**3 + 4*i**2 - 7*i + 8. Let v be k(-6). Let z be ((-8)/(-14))/(v/(-77)). What is d(z)?
-5
Suppose 3*y - 2*x = 17, -7*x = -3*y - 3*x + 25. Let t(g) = 2 + 14*g**y - 12*g**3 - 2*g**2 - 1. Calculate t(2).
9
Let b(w) = -9*w + 1. Let m(j) = -4*j. Let n = 4 - 6. Let g(r) = n*b(r) + 5*m(r). What is g(2)?
-6
Let z(s) = 2*s - 6. Suppose 15 = -7*k + 50. What is z(k)?
4
Let x(o) = 9*o + 13. Let p(m) = m**2 - 5*m + 5. Let a be p(6). Let g(c) = 5*c + 7. Let v(w) = a*g(w) - 6*x(w). Calculate v(4).
3
Let c(g) = -g**2 - 6*g - 2. Let t be c(-4). Suppose 3*q + k - 5 = 0, q + t = -q - 3*k. Let f(x) = x**2. Give f(q).
9
Let l(y) = -4*y**3 + 9*y**2 + 3*y + 2. Let f(s) = 11*s**3 - 26*s**2 - 8*s - 5. Let j(z) = -3*f(z) - 8*l(z). Calculate j(6).
-1
Let r(j) = 2*j + 1. Suppose -5*h = 15, 0*g + 42 = 4*g - 2*h. Let d(z) = z - 5. Let p be d(g). Determine r(p).
9
Let v(i) = -13*i - 17. Let r(f) = -6*f - 8. Let g(c) = 6*c + 8. Let h(o) = 3*g(o) + 2*r(o). Let j(n) = -7*h(n) - 3*v(n). Calculate j(-4).
7
Suppose -3*a - 2*a = 2*j + 11, -j + 5*a + 32 = 0. Let k(d) = d**2 - 9*d + 9. Let l be k(j). Let c(z) = z**2 + 3*z - 2. Calculate c(l).
8
Let u(c) = -3*c**3 + 4*c**2 - 5*c - 1. Let s(b) = 0*b**3 - b**3 + 4 - 5. Let z(k) = 4*s(k) - u(k). Give z(-5).
-3
Let g = 5 + -8. Let r(h) be the third derivative of -h**5/60 - h**3/2 + 3*h**2 - h. Give r(g).
-12
Let l(q) be the first derivative of -q**6/120 - q**5/15 - q**4/12 + 2*q**3/3 - q**2/2 - 1. Let h(o) be the second derivative of l(o). What is h(-3)?
1
Let o = -16 + 22. Suppose -3*c - 21 = -6*c. Let m(h) = c - h**3 - h**3 + h**3 + 7*h**2 - 6*h + 0*h**3. What is m(o)?
7
Suppose l = -2*l - 15. Suppose -2 + 10 = 4*n. Let o(p) = -p**2 + 6*p + 3*p**n + 6 - p**2. Give o(l).
1
Suppose 2*u + 2*y - 12 = y, 2*y + 30 = 5*u. Let v(j) = -3*j**2 - u*j - 9 + j**3 + 3 - 1. What is v(5)?
13
Let s(l) = l**2 - 2*l - 1. Let y be (-4)/(-12) + 14/(-6). Let q be 3*y/(-6)*-2. What is s(q)?
7
Let t(d) = -d**2 + 8*d + 2. Let u be t(8). Let y(b) = -u - 3*b + 5*b + 2. Calculate y(-1).
-2
Let r(c) = -c + c**2 + 3*c + 1 - c - 2*c**2. Give r(3).
-5
Let k be (-9)/(-4) + 4/(-16). Let z(h) = 2*h**2 - h + 1. Calculate z(k).
7
Let k be 0 + 0 + 1 + 2. Let h(b) = -b + b**2 - b**k - 3*b - b**2 - 2*b**2 - 3. Give h(-2).
5
Let j(i) be the first derivative of i**3/3 - 3*i**2/2 - 2*i - 2. Calculate j(3).
-2
Let w(i) = i**2 + 6*i - 8*i**2 - i**3 - 3*i**2 + 6*i**2 + 7. Give w(-5).
2
Suppose -4*a - 3*u = 26, -24 = 2*a + 2*a + 2*u. Let h(t) = -t. Let r(s) = -s**2 + s + 6. Let g(d) = 3*h(d) + r(d). What is g(a)?
-9
Let m(u) = -5*u**3 + 3 - 7*u + 2*u**2 + u**2 - 6 - 7. Let g(l) = l**3 + l + 1. Let o(q) = -6*g(q) - m(q). Give o(-3).
1
Let z = -149 - -148. Let k(t) = 7*t + 1. Give k(z).
-6
Let n(p) = -2*p - 1. Suppose -2*s + 5*q + 15 = 0, -2*s + 0*s - 3*q = 9. Suppose -h + s*h + 1 = 0. What is n(h)?
-3
Let d(b) = b + 3. Let s = -1 + 4. Suppose -5*x + 2*q = -23, -s*q - 4 = 2*x + 2. Let y = x - 3. Determine d(y).
3
Let d(f) = -f - 1. Let n be 24/5 + 17/85. What is d(n)?
-6
Suppose -35 + 5 = -3*j. Let p be (0 - (-3)/6)*j. Let k(n) = 7*n**2 - 13*n + 6. Let b(q) = -q**2 + q. Let o(i) = -6*b(i) - k(i). Calculate o(p).
4
Let s(u) be the first derivative of 2 - 1/2*u**2 + 1/3*u**3 + 2*u. Determine s(3).
8
Let i be 1/(-4) - (-2)/8. Suppose h + t - 8 = i, 4*h + 5*t = -0*h + 36. Let l(x) be the third derivative of x**5/60 - x**4/6 + x**3 + 3*x**2. Calculate l(h).
6
Let f(b) = -6*b**2 + 2*b - 3. Let c(r) = -2*r**2 + r - 1. Let k(d) = -8*c(d) + 3*f(d). Give k(-2).
-5
Let y(x) be the first derivative of x**3/3 + 2*x**2 + 2*x + 10. Give y(-2).
-2
Let z(i) = -2*i**3 + 3*i**2 - i. Let h be 20/90 - (-16)/9. Determine z(h).
-6
Let l(w) = 7*w**2 - w**2 + 0 - 7*w - 2 - 5*w**2. Determine l(6).
-8
Let i(z) = -z - 2*z + z - z**2 - 1 + 5. Calculate i(-4).
-4
Let w = 0 - -4. Let g(d) = -d - 2*d + w*d. Let r = 1 + -5. Calculate g(r).
-4
Let a(v) = -7*v**2 + 3*v. Let h(n) = -7*n**2 + 2*n. Let f(k) = -2*a(k) + 3*h(k). Calculate f(1).
-7
Let w(t) = 3*t**2 - t + 43 - 43 - t**3 + t**2. Suppose 2 = l + 2*q, -3*l - 2*q + 6 = -0*l. Calculate w(l).
6
Let q(i) = i - 3*i + i + 3*i. Suppose -19 = -5*g + 1. Suppose c + 5 = g. Determine q(c).
-2
Let q(c) be the third derivative of -c**6/120 - c**5/20 + c**3/6 + 3*c**2. Determine q(-3).
1
Let p be -2 + (16/2 - 1). Let m = -4 + 6. Suppose -2*u = -2*w + 12, -2*w + 4*w = -p*u - m. Let b(q) = 2*q - 3. Give b(w).
5
Let n(c) = c**2 - 1. Let y(w) = -7*w**2 - 5*w + 14. Let b(u) = -6*n(u) - y(u). Give b(-6).
-2
Let n(y) = 2*y**3 - 3*y - 14 + 0 - y. Let x(j) = -5*j**3 + 11*j + 41. Let d = -9 - -12. Let v(r) = d*x(r) + 8*n(r). What is v(0)?
11
Let l(t) be the third de